divided by 18.
16
What is the remainder when 5676 is divided by 380?
356
What is the remainder when 30685 is divided by 32?
29
What is the remainder when 335 is divided by 31?
25
Calculate the remainder when 306472 is divided by 102141.
49
Calculate the remainder when 382225 is divided by 20.
5
Calculate the remainder when 1112 is divided by 168.
104
What is the remainder when 400405 is divided by 74?
65
Calculate the remainder when 6267 is divided by 116.
3
Calculate the remainder when 90257 is divided by 11282.
1
Calculate the remainder when 194042 is divided by 5106.
14
What is the remainder when 7837 is divided by 7813?
24
What is the remainder when 818292 is divided by 78?
72
What is the remainder when 2462 is divided by 281?
214
Calculate the remainder when 357190 is divided by 484.
482
Calculate the remainder when 11495 is divided by 1642.
1
Calculate the remainder when 1498 is divided by 1293.
205
Calculate the remainder when 3921 is divided by 1270.
111
Calculate the remainder when 7110 is divided by 2351.
57
What is the remainder when 11805 is divided by 6?
3
Calculate the remainder when 32954 is divided by 752.
618
Calculate the remainder when 123967 is divided by 574.
557
Calculate the remainder when 136 is divided by 103.
33
What is the remainder when 44199 is divided by 61?
35
Calculate the remainder when 9343 is divided by 114.
109
Calculate the remainder when 83681 is divided by 343.
332
What is the remainder when 470 is divided by 20?
10
Calculate the remainder when 20638 is divided by 459.
442
What is the remainder when 8832 is divided by 569?
297
Calculate the remainder when 58680 is divided by 76.
8
What is the remainder when 13088 is divided by 1182?
86
What is the remainder when 319 is divided by 73?
27
What is the remainder when 149616 is divided by 285?
276
Calculate the remainder when 32323 is divided by 5372.
91
Calculate the remainder when 10511 is divided by 105.
11
What is the remainder when 38462 is divided by 1?
0
Calculate the remainder when 2236 is divided by 742.
10
Calculate the remainder when 25007 is divided by 63.
59
Calculate the remainder when 1312655 is divided by 87.
86
Calculate the remainder when 41549 is divided by 20752.
45
What is the remainder when 1744 is divided by 340?
44
Calculate the remainder when 1465666 is divided by 97.
93
Calculate the remainder when 444 is divided by 281.
163
Calculate the remainder when 7800 is divided by 6.
0
Calculate the remainder when 221035 is divided by 240.
235
What is the remainder when 108743 is divided by 50?
43
What is the remainder when 1055 is divided by 354?
347
What is the remainder when 214555 is divided by 128?
27
Calculate the remainder when 5600 is divided by 370.
50
Calculate the remainder when 27607 is divided by 238.
237
Calculate the remainder when 483072 is divided by 113.
110
Calculate the remainder when 12302 is divided by 2385.
377
Calculate the remainder when 2271 is divided by 486.
327
Calculate the remainder when 5587015 is divided by 303.
301
What is the remainder when 1107 is divided by 344?
75
What is the remainder when 3070 is divided by 22?
12
Calculate the remainder when 10049 is divided by 24.
17
What is the remainder when 55106 is divided by 69?
44
Calculate the remainder when 87 is divided by 63.
24
Calculate the remainder when 76375 is divided by 217.
208
What is the remainder when 4919 is divided by 1033?
787
Calculate the remainder when 671 is divided by 290.
91
What is the remainder when 10020 is divided by 170?
160
What is the remainder when 296915 is divided by 834?
11
Calculate the remainder when 5736 is divided by 384.
360
What is the remainder when 5972252 is divided by 2136?
2132
What is the remainder when 175356 is divided by 29?
22
What is the remainder when 97056 is divided by 6932?
8
What is the remainder when 1460 is divided by 298?
268
What is the remainder when 1050191 is divided by 13?
12
Calculate the remainder when 981 is divided by 327.
0
Calculate the remainder when 185642 is divided by 441.
422
Calculate the remainder when 2381 is divided by 540.
221
What is the remainder when 57359 is divided by 14269?
283
What is the remainder when 372334 is divided by 580?
554
What is the remainder when 39421 is divided by 23?
22
Calculate the remainder when 4523630 is divided by 68.
66
What is the remainder when 40526 is divided by 13?
5
What is the remainder when 7950 is divided by 17?
11
Calculate the remainder when 57113 is divided by 9.
8
What is the remainder when 2777 is divided by 187?
159
Calculate the remainder when 8212 is divided by 140.
92
What is the remainder when 10318 is divided by 602?
84
Calculate the remainder when 1917 is divided by 1836.
81
What is the remainder when 3182 is divided by 133?
123
Calculate the remainder when 85016 is divided by 603.
596
What is the remainder when 2164 is divided by 497?
176
What is the remainder when 113500 is divided by 13?
10
Calculate the remainder when 2167 is divided by 507.
139
What is the remainder when 243 is divided by 81?
0
Calculate the remainder when 838 is divided by 273.
19
Calculate the remainder when 210343 is divided by 10.
3
What is the remainder when 12207 is divided by 110?
107
What is the remainder when 4648 is divided by 759?
94
Calculate the remainder when 50459 is divided by 290.
289
What is the remainder when 15536 is divided by 621?
11
Calculate the remainder when 18805 is divided by 1399.
618
Calculate the remainder when 1786784 is divided by 35.
34
What is the remainder when 38418 is divided by 58?
22
What is the remainder when 14070 is divided by 25?
20
Calculate the remainder when 87216 is divided by 490.
486
What is the remainder when 7770 is divided by 3841?
88
What is the remainder when 46309 is divided by 55?
54
What is the remainder when 5052 is divided by 144?
12
What is the remainder when 2448 is divided by 497?
460
Calculate the remainder when 36908 is divided by 7.
4
What is the remainder when 46264 is divided by 493?
415
What is the remainder when 114045 is divided by 449?
448
Calculate the remainder when 67624 is divided by 16.
8
What is the remainder when 6004545 is divided by 33?
30
What is the remainder when 16359 is divided by 1528?
1079
What is the remainder when 4759881 is divided by 54?
51
Calculate the remainder when 23455 is divided by 460.
455
What is the remainder when 11951 is divided by 2987?
3
Calculate the remainder when 2370 is divided by 7.
4
Calculate the remainder when 67004 is divided by 19.
10
What is the remainder when 4206 is divided by 131?
14
What is the remainder when 5393 is divided by 437?
149
Calculate the remainder when 12213 is divided by 6034.
145
What is the remainder when 417 is divided by 20?
17
Calculate the remainder when 141157 is divided by 630.
37
What is the remainder when 156782 is divided by 42?
38
What is the remainder when 5295 is divided by 875?
45
What is the remainder when 3622 is divided by 6?
4
What is the remainder when 2116 is divided by 702?
10
What is the remainder when 811230 is divided by 17260?
10
What is the remainder when 18198 is divided by 65?
63
Calculate the remainder when 1541 is divided by 729.
83
Calculate the remainder when 1019 is divided by 105.
74
What is the remainder when 99222 is divided by 172?
150
Calculate the remainder when 21160 is divided by 1175.
10
What is the remainder when 16065 is divided by 15?
0
What is the remainder when 26550 is divided by 574?
146
What is the remainder when 2234309 is divided by 67?
60
What is the remainder when 167275 is divided by 17?
12
What is the remainder when 146450 is divided by 52?
18
What is the remainder when 29860 is divided by 158?
156
Calculate the remainder when 4526 is divided by 153.
89
Calculate the remainder when 543143 is divided by 115.
113
What is the remainder when 6523 is divided by 121?
110
Calculate the remainder when 131007 is divided by 54.
3
Calculate the remainder when 4163 is divided by 377.
16
Calculate the remainder when 1532878 is divided by 40.
38
What is the remainder when 2527 is divided by 313?
23
What is the remainder when 7071 is divided by 764?
195
Calculate the remainder when 548625 is divided by 523.
521
Calculate the remainder when 4847 is divided by 186.
11
Calculate the rem